{"id":20,"date":"2013-09-12T21:51:17","date_gmt":"2013-09-12T19:51:17","guid":{"rendered":"http:\/\/christen-bamberg.de\/wordpress\/?page_id=20"},"modified":"2025-08-14T14:06:28","modified_gmt":"2025-08-14T12:06:28","slug":"der-weg-zu-uns","status":"publish","type":"page","link":"https:\/\/www.christen-bamberg.de\/?page_id=20","title":{"rendered":"Der Weg zu uns"},"content":{"rendered":"<div id=\"pl-20\" class=\"panel-layout\">\n<div id=\"pg-20-0\" class=\"panel-grid panel-no-style\" data-style=\"{&quot;background_image_attachment&quot;:false,&quot;background_display&quot;:&quot;tile&quot;,&quot;cell_alignment&quot;:&quot;flex-start&quot;}\" data-ratio=\"1\" data-ratio-direction=\"right\">\n<div id=\"pgc-20-0-0\" class=\"panel-grid-cell\" data-style=\"{&quot;background_image_attachment&quot;:false,&quot;background_display&quot;:&quot;tile&quot;,&quot;vertical_alignment&quot;:&quot;auto&quot;}\" data-weight=\"1\">\n<div id=\"panel-20-0-0-0\" class=\"so-panel widget widget_sow-editor panel-first-child\" data-index=\"0\" data-style=\"{&quot;background_image_attachment&quot;:false,&quot;background_display&quot;:&quot;tile&quot;}\">\n<div class=\"so-widget-sow-editor so-widget-sow-editor-base\">\n<div class=\"siteorigin-widget-tinymce textwidget\">\n<p style=\"text-align: justify;\"><strong><i>Adresse: <\/i><\/strong><br \/>\nChristliche Gemeinde<br \/>\nJ\u00e4ckstra\u00dfe 33<br \/>\n96052 Bamberg<\/p>\n<p style=\"text-align: justify;\"><strong><i>Wegbeschreibung:<\/i><\/strong><\/p>\n<p style=\"text-align: justify;\">Auf der Autobahn A70 die Ausfahrt Bamberg\/Hallstadt abfahren und anschlie\u00dfend auf die B4 Richtung Bamberg abbiegen.<\/p>\n<p style=\"text-align: justify;\">Immer auf der Hauptstra\u00dfe (Hallstadter Stra\u00dfe) bleiben bis zur vierten Ampelanlage; dort rechts abbiegen (Lichtenhaidestra\u00dfe).<\/p>\n<p style=\"text-align: justify;\">Die zweite Querstra\u00dfe rechts abbiegen (J\u00e4ckstra\u00dfe).<\/p>\n<p style=\"text-align: justify;\">Am Ende der Stra\u00dfe ist linker Hand ein gro\u00dfes Geb\u00e4ude (Metzgerei Fischer) in welchem sich ebenso die Gemeinde befindet. Die Eingangst\u00fcr zu unseren Versammlungsr\u00e4umen befindet sich links neben dem Eingang zum Metzgerladen.<\/p>\n<p style=\"text-align: justify;\">Unsere Gemeinder\u00e4ume befinden sich im zweiten Stockwerk.<\/p>\n<\/div>\n<\/div>\n<\/div>\n<\/div>\n<\/div>\n<\/div>\n","protected":false},"excerpt":{"rendered":"<p>Adresse: Christliche Gemeinde J\u00e4ckstra\u00dfe 33 96052 Bamberg Wegbeschreibung: Auf der Autobahn A70 die Ausfahrt Bamberg\/Hallstadt abfahren und anschlie\u00dfend auf die B4 Richtung Bamberg abbiegen. Immer auf der Hauptstra\u00dfe (Hallstadter Stra\u00dfe) bleiben bis zur vierten Ampelanlage; dort rechts abbiegen (Lichtenhaidestra\u00dfe). Die zweite Querstra\u00dfe rechts abbiegen (J\u00e4ckstra\u00dfe). Am Ende der Stra\u00dfe ist linker Hand ein gro\u00dfes Geb\u00e4ude [&hellip;]<\/p>\n","protected":false},"author":1,"featured_media":0,"parent":0,"menu_order":0,"comment_status":"closed","ping_status":"closed","template":"page-templates\/full-width.php","meta":{"footnotes":""},"class_list":["post-20","page","type-page","status-publish","hentry"],"_links":{"self":[{"href":"https:\/\/www.christen-bamberg.de\/index.php?rest_route=\/wp\/v2\/pages\/20","targetHints":{"allow":["GET"]}}],"collection":[{"href":"https:\/\/www.christen-bamberg.de\/index.php?rest_route=\/wp\/v2\/pages"}],"about":[{"href":"https:\/\/www.christen-bamberg.de\/index.php?rest_route=\/wp\/v2\/types\/page"}],"author":[{"embeddable":true,"href":"https:\/\/www.christen-bamberg.de\/index.php?rest_route=\/wp\/v2\/users\/1"}],"replies":[{"embeddable":true,"href":"https:\/\/www.christen-bamberg.de\/index.php?rest_route=%2Fwp%2Fv2%2Fcomments&post=20"}],"version-history":[{"count":27,"href":"https:\/\/www.christen-bamberg.de\/index.php?rest_route=\/wp\/v2\/pages\/20\/revisions"}],"predecessor-version":[{"id":29194,"href":"https:\/\/www.christen-bamberg.de\/index.php?rest_route=\/wp\/v2\/pages\/20\/revisions\/29194"}],"wp:attachment":[{"href":"https:\/\/www.christen-bamberg.de\/index.php?rest_route=%2Fwp%2Fv2%2Fmedia&parent=20"}],"curies":[{"name":"wp","href":"https:\/\/api.w.org\/{rel}","templated":true}]}}