{"id":406,"date":"2013-10-21T19:40:48","date_gmt":"2013-10-21T17:40:48","guid":{"rendered":"http:\/\/christen-bamberg.de\/?page_id=406"},"modified":"2019-09-05T21:51:50","modified_gmt":"2019-09-05T19:51:50","slug":"die-frohe-botschaft-2","status":"publish","type":"page","link":"https:\/\/www.christen-bamberg.de\/?page_id=406","title":{"rendered":"Die Frohe Botschaft"},"content":{"rendered":"<div id=\"pl-406\"  class=\"panel-layout\" >\n<div id=\"pg-406-0\"  class=\"panel-grid panel-no-style\" >\n<div id=\"pgc-406-0-0\"  class=\"panel-grid-cell\"  data-weight=\"1\" >\n<div id=\"panel-406-0-0-0\" class=\"so-panel widget widget_black-studio-tinymce widget_black_studio_tinymce panel-first-child\" data-index=\"0\" >\n<div class=\"textwidget\">\n<address>Evangelium: aus dem Griechischen: die frohe Botschaft, die gute Nachricht.<\/address>\n<\/div>\n<\/div>\n<div id=\"panel-406-0-0-1\" class=\"so-panel widget widget_black-studio-tinymce widget_black_studio_tinymce panel-last-child\" data-index=\"1\" >\n<div class=\"textwidget\">\n<h1 style=\"text-align: justify;\"><span style=\"color: #333399;\"><b><span style=\"text-decoration: underline;\">Das Evangelium Jesu Christi<\/span><\/b><\/span><\/h1>\n<p style=\"text-align: justify;\">\u00a0<\/p>\n<p style=\"text-align: justify;\"><b><span style=\"text-decoration: underline;\">1. Der Charakter Gottes<\/span><\/b><\/p>\n<p style=\"text-align: justify;\"><b>Die Heiligkeit Gottes<\/b><\/p>\n<ul style=\"text-align: justify;\">\n<li>Du bist zu rein von Augen, um B\u00f6ses zu sehen, und M\u00fchsal vermagst du nicht anzuschauen. Warum schaust du R\u00e4ubern zu, schweigst, wenn der Gottlose den verschlingt, der gerechter ist als er. <i>(Habakuk 1:13)<\/i><\/li>\n<\/ul>\n<ul style=\"text-align: justify;\">\n<li>Sondern eure Ungerechtigkeiten haben eine Scheidung gemacht zwischen euch und eurem Gott, und eure S\u00fcnden haben sein Angesicht vor euch verh\u00fcllt, dass er nicht h\u00f6rt. <i>(Jesaja 59:2)<\/i><\/li>\n<\/ul>\n<p style=\"text-align: justify;\"><b>Die Gerechtigkeit Gottes<\/b><\/p>\n<ul style=\"text-align: justify;\">\n<li>Denn gerecht ist der HERR, Gerechtigkeiten liebt er. Sein Angesicht schaut den Aufrichtigen an. <i>(Psalm 11:7)<\/i><\/li>\n<\/ul>\n<ul style=\"text-align: justify;\">\n<li>Und der HERR der Heerscharen wird im Gericht erhaben sein, und Gott, der Heilige, sich heilig erweisen in Gerechtigkeit. <i>(Jesaja 5:16)<\/i><\/li>\n<\/ul>\n<ul style=\"text-align: justify;\">\n<li>Mein Schild ist bei Gott, der die von Herzen Aufrichtigen rettet. Gott ist ein gerechter Richter und ein Gott, der jeden Tag z\u00fcrnt. <i>(Psalm 7:11-12)<\/i><\/li>\n<\/ul>\n<p style=\"text-align: justify;\">Die Verdorbenheit und Verdammnis des Menschen<\/p>\n<ul style=\"text-align: justify;\">\n<li>Denn alle haben ges\u00fcndigt und erreichen nicht die Herrlichkeit Gottes. <i>(R\u00f6mer <\/i><i>3:23)<\/i><\/li>\n<\/ul>\n<ul style=\"text-align: justify;\">\n<li>Und wir sind allesamt wie ein Unreiner geworden, und alle unsere Gerechtigkeiten wie ein unfl\u00e4tiges Kleid. <i>(Jesaja 64:5)<\/i><\/li>\n<\/ul>\n<ul style=\"text-align: justify;\">\n<li>Denn so viele aus Gesetzeswerken sind, sind unter dem Fluch; denn es steht geschrieben: &#8218;Verflucht ist jeder, der nicht bleibt in allem, was im Buch des Gesetzes geschrieben ist, um es zu tun!&#8216; <i>(Galater 3:10)<\/i><\/li>\n<\/ul>\n<p style=\"text-align: justify;\"><b><span style=\"text-decoration: underline;\">2. Das Gro\u00dfe Dilemma<\/span><\/b><\/p>\n<ul style=\"text-align: justify;\">\n<li>Wer den Gottlosen rechtfertigt und wer den Gerechten verurteilt, sie alle beide sind dem HERRN ein Gr\u00e4uel. <i>(Spr\u00fcche 17:15)<\/i><\/li>\n<\/ul>\n<ul style=\"text-align: justify;\">\n<li>Fern sei es von dir, so etwas zu tun, den Gerechten mit dem Gottlosen zu t\u00f6ten, so dass der Gerechte sei wie der Gottlose; fern sei es von dir! Sollte der Richter der ganzen Erde nicht Recht \u00fcben? <i>(1Mose18:25)<\/i><\/li>\n<\/ul>\n<p style=\"text-align: justify;\"><b><span style=\"text-decoration: underline;\">3. Gottes Handeln<\/span><\/b><\/p>\n<ul style=\"text-align: justify;\">\n<li>W\u00e4hrend Gott einerseits absolut heilig und gerecht ist, best\u00e4tigt die Bibel auch, dass Gott Liebe ist und dass Er die missliche Lage des Menschen in Liebe gel\u00f6st hat.<\/li>\n<\/ul>\n<p style=\"text-align: justify;\"><b>Durch Liebe motiviert<\/b><\/p>\n<ul style=\"text-align: justify;\">\n<li>Wer nicht liebt, hat Gott nicht erkannt, denn Gott ist Liebe. Hierin ist die Liebe Gottes zu uns offenbart worden, dass Gott seinen eingeborenen Sohn in die Welt gesandt hat, damit wir durch ihn leben m\u00f6chten. Hierin ist die Liebe: nicht dass [wir] Gott geliebt haben, sondern dass [er] uns geliebt und seinen Sohn gesandt hat als S\u00fchnung f\u00fcr unsere S\u00fcnden. <i>(1.Johannes 4:8-10)<\/i><\/li>\n<\/ul>\n<p style=\"text-align: justify;\"><b>Das Kreuz Christi<\/b><\/p>\n<ul style=\"text-align: justify;\">\n<li>Denn alle haben ges\u00fcndigt und erreichen nicht die Herrlichkeit Gottes und werden umsonst gerechtfertigt durch seine Gnade, durch die Erl\u00f6sung, die in Christus Jesus ist; den Gott dargestellt hat als ein S\u00fchnemittel durch den Glauben an sein Blut, zur Erweisung seiner Gerechtigkeit wegen des Hingehenlassens der vorher geschehenen S\u00fcnden unter der Nachsicht Gottes; zur Erweisung seiner Gerechtigkeit in der jetzigen Zeit, dass er gerecht sei und den rechtfertige, der des Glaubens an Jesus ist. <i>(R\u00f6mer 3:23-26)<\/i><\/li>\n<\/ul>\n<p style=\"text-align: justify;\"><b>Die Auferstehung<\/b><\/p>\n<ul style=\"text-align: justify;\">\n<li>Der unserer \u00dcbertretungen wegen hingegeben und unserer Rechtfertigung wegen auferweckt worden ist. <i>(R\u00f6mer 4:25)<\/i><\/li>\n<\/ul>\n<p style=\"text-align: justify;\"><b><span style=\"text-decoration: underline;\">4. Die Antwort des Menschen<\/span><\/b><\/p>\n<p style=\"text-align: justify;\"><b>Bu\u00dfe<\/b><\/p>\n<p style=\"text-align: justify;\"><i>Bu\u00dfe beginnt mit dem Erkennen und dem Bekennen, dass das, was Gott \u00fcber uns sagt, wahr ist: Wir sind S\u00fcnder.<\/i><\/p>\n<ul style=\"text-align: justify;\">\n<li>Denn ich kenne meine \u00dcbertretungen, und meine S\u00fcnde ist best\u00e4ndig vor mir. Gegen dich, gegen dich allein habe ich ges\u00fcndigt, und ich habe getan, was b\u00f6se ist in deinen Augen; damit du gerechtfertigt wirst, wenn du redest, f\u00fcr rein befunden, wenn du richtest. <i>(Psalm 51:5-6)<\/i><\/li>\n<\/ul>\n<p style=\"text-align: justify;\"><i>Ein echtes Erkennen unser S\u00fcndhaftigkeit und Schuld wird uns auch zu echter Trauer, Scham und Hass auf das, was wir getan haben, f\u00fchren.<\/i><\/p>\n<ul style=\"text-align: justify;\">\n<li>Denn was ich vollbringe, erkenne ich nicht; denn nicht das, was ich will, tue ich, sondern was ich hasse, das \u00fcbe ich aus. <i>(R\u00f6mer 7:15)<\/i><\/li>\n<\/ul>\n<ul style=\"text-align: justify;\">\n<li>Ich elender Mensch! Wer wird mich retten von diesem Leib des Todes? <i>(R\u00f6mer <\/i><i>7:24)<\/i><\/li>\n<\/ul>\n<p style=\"text-align: justify;\"><i>Scheinbare Ernsthaftigkeit eines Bekenntnisses alleine ist niemals ein klarer Beweis von echter Bu\u00dfe und echtem Glauben. Es muss auch eine Abkehr von S\u00fcnde daraus resultieren.<\/i><\/p>\n<ul style=\"text-align: justify;\">\n<li>Wascht euch, reinigt euch; schafft mir die Schlechtigkeit eurer Handlungen aus den Augen, h\u00f6rt auf, B\u00f6ses zu tun! <i>(Jesaja 1:16)<\/i><\/li>\n<\/ul>\n<ul style=\"text-align: justify;\">\n<li>Schon ist aber die Axt an die Wurzel der B\u00e4ume gelegt; jeder Baum nun, der keine gute Frucht bringt, wird abgehauen und ins Feuer geworfen. <i>(Matth\u00e4us <\/i><i>3:10)<\/i><\/li>\n<\/ul>\n<p style=\"text-align: justify;\"><b>Glaube \u2013 was hei\u00dft das?<\/b><\/p>\n<ul style=\"text-align: justify;\">\n<li>Der Glaube aber ist eine Verwirklichung dessen, was man hofft, eine \u00dcberzeugung von Dingen, die man nicht sieht. <i>(Hebr\u00e4er 11:1)<\/i><\/li>\n<\/ul>\n<ul style=\"text-align: justify;\">\n<li>und war der vollen Gewissheit, dass er, was er verhei\u00dfen hatte, auch zu tun vermag. <i>(R\u00f6mer 4:21)<\/i><\/li>\n<\/ul>\n<p style=\"text-align: justify;\"><b>Glaube st\u00fctzt sich auf die Verhei\u00dfungen Gottes<\/b><\/p>\n<ul style=\"text-align: justify;\">\n<li>Denn so hat Gott die Welt geliebt, dass er seinen eingeborenen Sohn gab, damit jeder, der an ihn glaubt, nicht verloren gehe, sondern ewiges Leben habe. <i>(Johannes 3:16)<\/i><\/li>\n<\/ul>\n<ul style=\"text-align: justify;\">\n<li>Glaube an den Herrn Jesus, und du wirst errettet werden. <i>(Apostelg. 16:31)<\/i><\/li>\n<\/ul>\n<p style=\"text-align: justify;\"><b>Das Beispiel eines Gl\u00e4ubigen<\/b><\/p>\n<ul style=\"text-align: justify;\">\n<li>Denn [wir] sind die Beschneidung, die wir durch den Geist Gottes dienen und uns Christi Jesu r\u00fchmen und nicht auf Fleisch vertrauen <i>(Philipper 3:3)<\/i><\/li>\n<\/ul>\n<p style=\"text-align: justify;\"><b>Die Grundlage echter Heilsgewissheit<\/b><\/p>\n<ul style=\"text-align: justify;\">\n<li>Und er ist f\u00fcr alle gestorben, damit die, die leben, nicht mehr sich selbst leben, sondern dem, der f\u00fcr sie gestorben und auferweckt worden ist. <i>(2.Korinther <\/i><i>5:17)<\/i><\/li>\n<\/ul>\n<ul style=\"text-align: justify;\">\n<li>An ihren Fr\u00fcchten werdet ihr sie erkennen. Sammelt man etwa von Dornen Trauben oder von Disteln Feigen? <i>(Matth\u00e4us 7:16)<\/i><\/li>\n<\/ul>\n<ul style=\"text-align: justify;\">\n<li>So pr\u00fcft euch selbst, ob ihr im Glauben seid, untersucht euch selbst; oder erkennt ihr euch selbst nicht, dass Jesus Christus in euch ist? Es sei denn, dass ihr etwa unbew\u00e4hrt seid. <i>(2.Korinther 13:5)<\/i><\/li>\n<\/ul>\n<ul style=\"text-align: justify;\">\n<li>Dies habe ich euch geschrieben, damit ihr wisst, dass ihr ewiges Leben habt, die ihr glaubt an den Namen des Sohnes Gottes. <i>(1.Johannes 5:13)<\/i><\/li>\n<\/ul>\n<p style=\"text-align: justify;\"><b><span style=\"text-decoration: underline;\">5. Heilsgewissheit \u2013 Einige Erkennungsmerkmale<\/span><\/b><\/p>\n<ul style=\"text-align: justify;\">\n<li>1.Johannes 1:5-7 Im Licht wandeln<\/li>\n<li>1.Johannes 1:8-10 Bekenntnis von S\u00fcnde<\/li>\n<li>1.Johannes 2:3-4 Gehorsam<\/li>\n<li>1.Johannes 2:9-11 Die Br\u00fcder lieben<\/li>\n<li>1.Johannes 2:15-17 Die Welt hassen<\/li>\n<li>1.Johannes 2:24-25 Ausharren in der Lehre<\/li>\n<li>1.Johannes 3:10 Gerechtigkeit<\/li>\n<li>1.Johannes 4:13 Das Zeugnis des Geistes<\/li>\n<li>Hebr\u00e4er 12:5-8 Erziehungsma\u00dfnahmen Gottes<\/li>\n<\/ul>\n<p style=\"text-align: justify;\">\u00a0<\/p>\n<p style=\"text-align: justify;\">\u00a9 HeartCry Missionary Society, www.heartcrymissionary.com<\/p>\n<p style=\"text-align: justify;\">Herausgeber in deutscher Sprache: www.sastra-hidup.net<\/p>\n<\/div>\n<\/div>\n<\/div>\n<\/div>\n<\/div>\n","protected":false},"excerpt":{"rendered":"<p>Evangelium: aus dem Griechischen: die frohe Botschaft, die gute Nachricht. Das Evangelium Jesu Christi \u00a0 1. Der Charakter Gottes Die Heiligkeit Gottes Du bist zu rein von Augen, um B\u00f6ses zu sehen, und M\u00fchsal vermagst du nicht anzuschauen. Warum schaust du R\u00e4ubern zu, schweigst, wenn der Gottlose den verschlingt, der gerechter ist als er. (Habakuk [&hellip;]<\/p>\n","protected":false},"author":1,"featured_media":0,"parent":0,"menu_order":0,"comment_status":"closed","ping_status":"closed","template":"page-templates\/full-width.php","meta":{"footnotes":""},"class_list":["post-406","page","type-page","status-publish","hentry"],"_links":{"self":[{"href":"https:\/\/www.christen-bamberg.de\/index.php?rest_route=\/wp\/v2\/pages\/406","targetHints":{"allow":["GET"]}}],"collection":[{"href":"https:\/\/www.christen-bamberg.de\/index.php?rest_route=\/wp\/v2\/pages"}],"about":[{"href":"https:\/\/www.christen-bamberg.de\/index.php?rest_route=\/wp\/v2\/types\/page"}],"author":[{"embeddable":true,"href":"https:\/\/www.christen-bamberg.de\/index.php?rest_route=\/wp\/v2\/users\/1"}],"replies":[{"embeddable":true,"href":"https:\/\/www.christen-bamberg.de\/index.php?rest_route=%2Fwp%2Fv2%2Fcomments&post=406"}],"version-history":[{"count":18,"href":"https:\/\/www.christen-bamberg.de\/index.php?rest_route=\/wp\/v2\/pages\/406\/revisions"}],"predecessor-version":[{"id":412,"href":"https:\/\/www.christen-bamberg.de\/index.php?rest_route=\/wp\/v2\/pages\/406\/revisions\/412"}],"wp:attachment":[{"href":"https:\/\/www.christen-bamberg.de\/index.php?rest_route=%2Fwp%2Fv2%2Fmedia&parent=406"}],"curies":[{"name":"wp","href":"https:\/\/api.w.org\/{rel}","templated":true}]}}